33*d. Calculate the remainder when d is divided by 26.
10
Let t(l) be the third derivative of 53*l**5/15 - l**4/24 + l**3/6 + 21*l**2. Calculate the remainder when t(-1) is divided by 43.
42
Suppose 4*t - 4*w = 101 + 131, 42 = t - 5*w. Calculate the remainder when t is divided by 18 - (0 - 4/8*6).
20
Let q(d) = -17*d**3 - 2*d**2 - d + 1. Suppose -4*s = 10 - 6. Let a = 175 + -74. What is the remainder when a is divided by q(s)?
16
Let h = -12 + 16. Suppose -8*l + h*l = -220. What is the remainder when 17 is divided by 1/2 + l/10?
5
Let m = 490 - 478. Calculate the remainder when 97 is divided by m.
1
Let m(s) = -4*s - 25. Let w be m(-4). Let h = w + 29. What is the remainder when h is divided by 10?
0
Calculate the remainder when (-607)/(-9) + (-15)/((-945)/(-28)) is divided by 23.
21
Let b(h) = -2*h + 76. Suppose -4*x + 2 = -18. Suppose -2*y - 42 = -x*y. What is the remainder when b(11) is divided by y?
12
Let i = 9 + -6. Suppose b + 5*u = i*u + 8, 3 = u. Suppose 24 - 2 = b*k. Calculate the remainder when 31 is divided by k.
9
Suppose 3*r + 8 = 7*r. Suppose -r*h = 2*a + 2, 0 = -0*a + a + 3*h - 1. What is the remainder when 48*1/(-6)*a is divided by 9?
7
Let w(p) = p + 20. Let s(r) be the first derivative of -r**4/4 - 11*r**3/3 - 5*r**2 + 7*r + 21. What is the remainder when w(0) is divided by s(-10)?
6
Suppose -4*k + 8 + 8 = 0. Suppose 133 = 5*r - 3*z, 3*r + z - 149 = -2*r. What is the remainder when r is divided by k?
1
Suppose 17*m = 40*m - 1035. Calculate the remainder when 311 is divided by m.
41
Let b = 171 - 113. Suppose -y + b = 11. Suppose -39 = -2*d - 3*k, k + 4*k = -3*d + 61. What is the remainder when y is divided by d?
11
Let x = -32 - 55. Let f = -83 - x. Calculate the remainder when 27 is divided by f.
3
Let g = 105 + -69. Suppose -2*y + g = -6. Calculate the remainder when y is divided by 11.
10
Let i = 24 + -18. Let r(u) = u**2 + i - u**3 - 3 + 0 - u. What is the remainder when 14 is divided by r(0)?
2
Let b be (11/4)/1*-4. Let v = b + 42. What is the remainder when 87 is divided by v?
25
Suppose 9*p - 4*p = 385. Let y(s) = -47*s + 114. What is the remainder when p is divided by y(2)?
17
Suppose 49*t + 473 - 1551 = 0. Let x = 78 + 2. What is the remainder when x is divided by t?
14
Let w(j) = 2. Let z(s) = 164*s - 7. Let u(q) = 3*w(q) + z(q). Calculate the remainder when u(1) is divided by 41.
40
Suppose -2*b - 10 + 0 = -m, -4*b = 2*m + 20. Let s be (-3 - -155)/(2 - m). Suppose 0*w = -4*w + s. What is the remainder when 53 is divided by w?
15
Let l(s) = -s**3 - 13*s**2 - 13*s + 111. What is the remainder when 36 is divided by l(-11)?
0
Suppose 2*y - y = -5, n + 5*y + 10 = 0. Calculate the remainder when n is divided by 6.
3
Let c(r) = 7*r**2 + r - 11*r + 1 - 3*r - 8*r**2. Suppose 0 = -2*a - 23 + 1. What is the remainder when c(a) is divided by 13?
10
Let n(d) = -d**3 + d + 4. Let b be n(0). Suppose w - b*o = 29, 5*o - o = -20. What is the remainder when (-12)/(((-133)/(-14))/(-19)) is divided by w?
6
Suppose 4*j - j - 3*h = 15, j = 3*h + 7. Let d be ((-6)/j)/(4/(-144)). Suppose 0 = l - 3*l + d. What is the remainder when 78 is divided by l?
24
Suppose -3*t - g + 1 = -5*g, 0 = 3*t - g - 7. Let p = 34 + -23. What is the remainder when p is divided by t?
2
Suppose -3*c - 48 = -2*k - 0*c, 86 = 5*k + c. Let p = k + -16. What is the remainder when 18 is divided by ((-8)/20)/(p/(-25))?
3
Let h be (0/1)/(3 - (-6 - -7)). Suppose 74 = 4*b - r - h*r, -b + 12 = 3*r. Suppose -4*u = 49 - 325. Calculate the remainder when u is divided by b.
15
Let h = -1493 + 1526. Calculate the remainder when 154 is divided by h.
22
Let q = -49 + -5. Let n be (q/12)/(3/(-28)). Suppose -4*a - w + 183 = 28, a - n = 3*w. What is the remainder when a is divided by 20?
19
Suppose -37 = -4*v + 3*l, 13*v = 12*v + 3*l + 16. Calculate the remainder when ((-6)/15)/(1/(-30)) is divided by v.
5
Let z = 86 - 92. Let c(h) = -h**2 - 9*h - 4. What is the remainder when 55 is divided by c(z)?
13
Suppose 172 = 147*f - 143*f. What is the remainder when 83 is divided by f?
40
Suppose f = 7 + 8. Let l(w) = w**3 - 15*w**2 + 4*w - 19. Let q(y) = y**2 - 10. Let p be q(5). Calculate the remainder when l(p) is divided by f.
11
What is the remainder when 176 + (6 - (14 - 1)) is divided by 9?
7
Suppose -4*p + 224 = 4*p. What is the remainder when p/(-2)*(-3 - 9/6) is divided by 11?
8
Suppose -1326 = 8*c + 1898. Let o = c - -564. What is the remainder when o is divided by 18?
17
Let b(x) = x + 2. Let c be b(8). Suppose 0 = -2*j + 4*w + c, -4*j + 0*w + 46 = 5*w. Calculate the remainder when 1*-4 + (15 - (-52 - 8)) is divided by j.
8
Let b be (0 + 28/5)*(-9 + 4). Let p = -9 - b. What is the remainder when 35 is divided by p?
16
Let j(y) = y - 2*y - y. Suppose 0*f = 4*a - f + 17, -4*a - 3*f - 13 = 0. Calculate the remainder when j(a) is divided by 2.
0
Suppose 2*m - 4*j - 26 = 0, -2*j + 2 = -2. Calculate the remainder when 33 is divided by m.
16
Let v(c) = -c**2 + c + 1. Let w be v(2). Suppose 2*j = y - 2*j - 24, 0 = 4*y + 3*j - 39. Let m = y + w. What is the remainder when m is divided by 7?
4
Let h(i) = -8*i + 66. Calculate the remainder when 106 is divided by h(6).
16
Let o = 0 - 0. Suppose o = w + 1 - 14. Calculate the remainder when w is divided by 8.
5
Suppose 4*r + 152 = 12*r. Calculate the remainder when r is divided by 11.
8
Let p(i) = 5*i - 9. Let m be (-162)/(-39) + 8/(-52). Suppose -3*u + m*u = 4. Calculate the remainder when 32 is divided by p(u).
10
Calculate the remainder when 217 is divided by (-24)/156 + (-1341)/(-13).
11
Let u = -689 + 702. What is the remainder when u is divided by ((-3)/2)/((-9)/12)?
1
Suppose -2*p + 0*p = k - 36, 4*k - 5*p - 92 = 0. Calculate the remainder when 41 is divided by k.
13
Suppose 3*o + 3*j = -3, 2*j + 3 = -5*o + 1. Suppose -b + 4*i + 78 = o, -5*b = 5*i - 294 - 21. Calculate the remainder when b is divided by 17.
15
Suppose -4*h = 5*j - 13, -9 = -5*j - 4. Suppose 0 = 2*t + 3*t - 25. Suppose -27 = -2*p + t*x, -p = 2*p - 3*x - 18. What is the remainder when h is divided by p?
0
Let v = -28 - -58. Let x(q) be the first derivative of 2*q**3/3 - 2*q**2 + 5. What is the remainder when v is divided by x(4)?
14
Let h(b) = b**2 - 5*b - 3. Suppose -d = -11 - 21. Suppose a = -5*j + 28, 5*a + d = 5*j + 4*a. Calculate the remainder when j is divided by h(6).
0
Let u = 994 - 875. Let y be (-6)/9 + 280/6. Let r = 76 - y. What is the remainder when u is divided by r?
29
Suppose -76*o + 39 = -63*o. Let w(z) = z**3 + z + 6. Calculate the remainder when w(0) is divided by o.
0
Let d(r) = 3*r + 7. Let p be d(0). Suppose -31 = -3*v - p. What is the remainder when 39 is divided by v?
7
Let v(l) = l**3 - 5*l**2 - l - 12. What is the remainder when 71 is divided by v(6)?
17
Suppose 3*t - 1 = -4, 3*g - 11 = -t. Suppose 3*z + 3*p = 84, 9 = -5*p - 1. What is the remainder when z is divided by g?
2
Let l = -4734 - -4776. Let b(d) = -d**3 + 6*d**2 + 2*d + 3. Calculate the remainder when l is divided by b(6).
12
Suppose 2*j + 221 = 3*x, 3*x - j = 79 + 138. Calculate the remainder when 353 is divided by x.
69
Let p = 29 + -25. Suppose -16 = -5*d + p. Suppose -416 = -6*g + 2*g + d*y, 4*y + 518 = 5*g. What is the remainder when g is divided by 21?
18
Suppose 5*s + 0 = -j - 14, 3*s + 36 = 4*j. Suppose -j*q = -35 + 5. What is the remainder when q is divided by (12/(-3))/(-2) - -2?
1
Suppose 0 = -3*i - 2*t + 57, 8 + 37 = 3*i - 2*t. Suppose -3*m - 30 = -3*y, -4*m - 4*y = 23 - 7. Let l = 39 + m. What is the remainder when l is divided by i?
15
Suppose -50 = -4*h + 6. What is the remainder when 237 is divided by h?
13
Suppose -3*i - 12 = 0, 2*h = -3*h - i + 1336. Calculate the remainder when h is divided by 17.
13
Suppose 0 = -5*r - k - 34 + 87, -13 = -r + k. Suppose -148*m - 416 = -174*m. Calculate the remainder when m is divided by r - 1 - (0 + 1).
7
Let z = -40 + 60. Let b be 38*((-3 - -1) + 6). Suppose -b = -p - 3*p. Calculate the remainder when p is divided by z.
18
Suppose 2*t - 2*x = 3*t - 113, -5*t - 3*x + 544 = 0. What is the remainder when t is divided by 23?
15
Suppose 0 = 5*s - 26 - 354. Let o = -48 + s. What is the remainder when 55 is divided by o?
27
Suppose -n = 2*u - 63, -7*u + 12*u = -25. Calculate the remainder when 362 is divided by n.
70
Suppose n - 3*n 